 + 14 = r. Suppose 0 = -4*z + 112 + q. Is z composite?
False
Let v(y) = 66*y + 230. Is v(44) prime?
False
Let i = -1792 + 2785. Is i prime?
False
Let h(w) = 2*w**3 - 14*w**2 - 23*w + 47. Is h(18) a composite number?
False
Let j(u) = -6*u**3 + 4*u**2 + 10*u + 13. Let s(w) = -2*w**3 - 3*w**3 + 6*w**3 + 4*w**3 - 12 - 4*w**2 - 9*w. Let o(f) = 4*j(f) + 5*s(f). Is o(6) composite?
True
Suppose -41054 = -4*q + 2*j, 5*j + 24051 = 5*q - 27279. Is q prime?
False
Let y = -80 + 780. Suppose -5*g + y = -6*g. Let s = g - -1143. Is s a composite number?
False
Suppose 2*t - 9670 = -3288. Is t a composite number?
False
Let m = 0 - -6. Let l = m + -1. Suppose -d + 3*d - 106 = l*b, 0 = -3*b. Is d prime?
True
Let i(z) = 167*z + 28. Let n(m) = 500*m + 85. Let h(v) = 11*i(v) - 4*n(v). Is h(-7) a composite number?
False
Let w(n) = 14*n + n + 14*n + 1. Is w(2) a prime number?
True
Suppose -u + 3648 = 4*a - 2*u, 2*a - 4*u - 1838 = 0. Is a composite?
False
Let j(k) = -k**3 + k**2 - k + 1. Let q be j(0). Let s(f) = 12*f - q + 2*f - 2*f. Is s(14) a composite number?
False
Let m(n) = 19*n**3 + 1 - 33*n**2 + 30*n**2 - 4*n**3. Is m(5) prime?
True
Let w = -5845 + 24950. Is w a composite number?
True
Suppose 8867 = c - 36*s + 31*s, 4*c - 35536 = 3*s. Is c prime?
True
Let m be 5/(-10)*(-8)/1. Let b(k) = 11*k**2 + 2. Let h be b(m). Is (1 - h)*(-3)/9 composite?
False
Let q = -38 + 23. Let a = q - -15. Suppose a = -2*v + 100 + 214. Is v a composite number?
False
Suppose -2*h + 853 = -569. Let d = h + -70. Is d a prime number?
True
Let f(b) = b**3 - 3*b**2 + 3. Let m be f(3). Suppose m*y - 363 = 36. Suppose 2*t = -2*v + 179 + y, -5*t = -2*v + 347. Is v composite?
True
Let s(z) = 21*z**2 + 7*z - 4. Let k be s(5). Suppose 4*i - 856 = -4*t, k = 4*t - i - 275. Is t prime?
False
Let g(m) = -5*m**3 - 4*m**2 - m + 3. Let b be g(-3). Suppose -b = -0*c - 3*c. Is c prime?
False
Let r(h) = 157*h**2 + 3*h - 179. Is r(-17) a prime number?
False
Is (-2)/4 - 70389/(-22) prime?
False
Suppose 725*g = 727*g - 27682. Is g prime?
True
Suppose -9 = -3*j, 3*o - 321 = o + j. Let n = o + 269. Is n a composite number?
False
Let d be (1675/(30/6))/(1/5). Suppose 4*v - d = 4*o - 187, o - 1483 = -4*v. Is v a prime number?
False
Suppose -q = -5*q + 208. Suppose 0*v - q = 2*v. Is ((-239)/2)/(13/v) composite?
False
Let m = 13711 - 7104. Is m prime?
True
Let z(h) = 94*h**2 - 20*h - 71. Is z(15) a prime number?
False
Suppose 0 = -2*l - 3 + 25. Suppose -5*o = -3*n + l, 5*o - 3*n + 1 = -5*n. Is ((-1813)/14)/(o/2) prime?
False
Let w(k) = 7 - 3*k**2 + 2*k**2 + 8*k + 7 + 8*k**2. Is w(-5) composite?
False
Let m be (-156 - 1)*-1*4/(-4). Let v = m - -275. Is v composite?
True
Suppose y = 6*y + 30675. Let f be (y/(-20))/(6/8). Suppose 828 = 2*t - 5*n, t - f = 8*n - 3*n. Is t composite?
False
Let a(r) be the second derivative of 55*r**3/6 + 17*r**2/2 - 3*r. Is a(12) a prime number?
True
Let v(f) = 3*f**2 + 5*f - 4. Let y be v(5). Suppose -2*s = i - 3*i - 82, 4*i + s + 184 = 0. Let b = y + i. Is b composite?
True
Let o be (-942)/(-39) + (-2)/13. Suppose o = 4*w - f, 0*w = -3*w + f + 19. Suppose -t + 735 = 5*r + t, w*r - 705 = 4*t. Is r composite?
True
Suppose g + 3*g + 24 = 0. Let y(r) = -r**2 - 6*r + 3. Let i be y(g). Suppose i*p - 110 = p. Is p a prime number?
False
Let m = 23527 + 15678. Is m prime?
False
Let a(m) = 9*m**2 - 16*m - 114. Is a(19) composite?
True
Suppose 11*a = 12*a - 7207. Is a composite?
False
Let a = 3935 - 2278. Is a composite?
False
Let g = 407 - 1029. Let f = g + 1301. Is f a composite number?
True
Let m = -209 - -2808. Is m a composite number?
True
Suppose -22*i = -12645 - 20597. Is i prime?
True
Let b = 12 + -12. Suppose b = -5*l + 2*l + 2487. Is l a prime number?
True
Let u(d) = -d**3 + 8*d**2 - 10*d + 15. Let k be u(7). Is (0 - 15261/k)*(-12 + 14) composite?
False
Is -6 - 57/(-10) - (-244398)/60 a prime number?
True
Let o(s) = s + 6. Let u be o(-5). Let l(b) = -3*b + u + 11*b + 0*b**3 + 7*b**2 - b**3. Is l(7) prime?
False
Suppose 3*j + 28109 = k, 4*k + 3*j - 2*j - 112384 = 0. Is k a prime number?
True
Suppose -2*y - 790 = 5*l, 5*y + 774 = 3*y + 3*l. Let x(j) = 715*j**3 - 2*j**2 - 3*j - 2. Let i be x(-1). Let d = y - i. Is d a prime number?
False
Is 2/(-15) - (11 - 610852/165) a prime number?
True
Suppose -9*g + 29752 = -g. Is g a prime number?
True
Suppose -n = 14 - 19, -16023 = -4*t + n. Is t composite?
False
Let x(v) = -631 + 7*v + 622 + v + 7*v**2. Is x(6) prime?
False
Let g(c) = 3*c**3 - 4*c**2 + 4*c - 2. Let w be g(2). Suppose 5*z - w = 1. Suppose -z*h = -h - 662. Is h composite?
False
Let x = -5 - -7. Suppose x*v = -3*w - 0*v + 174, 5*v = 4*w - 232. Suppose w = b - 33. Is b a composite number?
True
Is (-10)/(-4)*(-157814)/(-95) composite?
False
Let h = -3304 + 10345. Is h composite?
True
Suppose 0 = -j - 3*j + 84. Suppose 2*a + 12 = 3*x - 13, -2*x - 3*a = -j. Let y = 22 - x. Is y a composite number?
False
Let l(t) = -3*t**2 + 2*t - 1. Let r be l(1). Let q be (2/(-5))/((-1)/(-10)). Is (-1070)/q + (-3)/r a prime number?
True
Let g be (-1)/(-2)*4 + -4. Let r(x) = 63*x**2 - 2*x. Let i be r(g). Let w = i + -117. Is w composite?
False
Let x(q) = 39*q + 31. Let z(c) = 4*c + 29. Let u be z(-4). Is x(u) prime?
False
Suppose 2*z + 20506 = 7*z + 3*i, z + 5*i - 4088 = 0. Is z composite?
True
Let z = 98 - 167. Is (-5)/(z/17 - -4) composite?
True
Let a(o) = 904*o**3 + 3*o**2 + 8*o - 28. Is a(3) a composite number?
True
Suppose -3*a + 0*a = -27. Let w = a - 9. Suppose -5*o + 1329 = -w*o + 2*i, -3*i = 9. Is o a prime number?
False
Suppose 16*c + 32 = 24*c. Suppose -3*p - 552 = -c*w + 7660, w + 5*p = 2053. Is w a prime number?
True
Suppose 2*a = -3*q + 5*a + 52548, 87604 = 5*q + 3*a. Is q a prime number?
True
Let c be 4/(12/13) + 2/(-6). Suppose 3*t = c*o + 1751 - 6708, 5*o + 4*t = 6235. Is o a prime number?
False
Let k(d) = -d + 24. Let m be k(0). Suppose -3*f + m = -f. Suppose -262 = -14*t + f*t. Is t a composite number?
False
Is (-711530)/(-30) + (16/12 - 2) a composite number?
True
Let m(l) = -35*l**2 - 2*l - 2. Let q(b) = -1. Let o(s) = -2*m(s) + 2*q(s). Let n be o(-4). Let d = n + -429. Is d a prime number?
True
Let z be (-1 - -3) + -4 + 2. Suppose 0 = -5*c + 3*k - 0*k + 156, 2*k - 6 = z. Is c composite?
True
Let v(z) = z**3 - 6*z**2 + 3*z - 1. Let b be v(5). Let j be (-1 + -2)*(10 + b). Suppose -n = j*n - 596. Is n prime?
True
Let l = 26 + -24. Suppose 15 = -3*n + l*a, 0*a = n - a + 5. Let w(u) = -u**3 - 3*u**2 - 6*u - 1. Is w(n) a composite number?
False
Suppose -3*n = 4*o - 0*n, 3*o = -5*n. Let b(p) = p**2 - 2*p + 1181. Is b(o) prime?
True
Suppose 10*u - 7383 = 5*u + z, 0 = 3*z - 6. Is u composite?
True
Let y = 125 - 10. Is y prime?
False
Suppose 2*s - 771 = 53. Let r = s - 145. Is r composite?
True
Is (28156/(-2) - 0)*8/(-16) prime?
True
Let b = 1 + -5. Let v(s) = -s**2 + 0 - 3 - 3*s + 19*s**2 + s. Is v(b) a composite number?
False
Let v(l) = -l**2 - 4*l + 7. Let c be v(-5). Suppose -2*h + r - 7 = h, 3*h + c = -4*r. Is h/(-14) + (-6824)/(-56) a prime number?
False
Suppose 23*x - 24*x + 5 = 0. Is 323*(x + -8 + 4) composite?
True
Suppose b - 19715 = 2*c, 5*c - 51385 = 5*b - 149965. Is b a prime number?
True
Suppose 368*d - 363*d - 9185 = 0. Is d composite?
True
Is ((-2653)/(-2) + 0)/(2/4) a prime number?
False
Suppose -7688 = -4*r + 3*l, -6180 = -4*r + 5*l + 1508. Let p be 6/(-1)*(-2384)/32. Suppose -r = -5*z - p. Is z a prime number?
False
Let a(t) = 17*t + 36. Let o(b) = 35*b + 71. Let v(c) = 5*a(c) - 3*o(c). Is v(-10) a prime number?
True
Suppose 0 = -2*s + 2*a - 14, 0*s = -3*s + 4*a - 25. Let r(g) = -87*g - 5 + 25*g + 13. Is r(s) a prime number?
False
Let u(p) = -16 - p + 3 + 11 - 73*p**3 + 2*p**2. Is u(-1) a composite number?
True
Let w = 16441 - -3466. Is w prime?
False
Suppose 0*p - 8 = -2*p, y - 4898 = 5*p. Let t = -3359 + y. Is t a prime number?
True
Let c(r) = -10*r - 37. Is c(-33) composite?
False
Let c be 3*(1 + -3 - -1). Let z = 0 - c. Suppose -243 = -p + 2*k, -z*k = -p + k + 237. Is p a composite number?
True
Let r(b) = -41*b. Let s be r(-1). Suppose 36*h - s*h + 6495 = 0. Is h a composite number?
True
Let o = 40 - 38. Is o + (-1)/(3/(-11349)) a composite number?
True
Suppose z + 32 = 33. Let c(o) = 583*o**3 - 3*o**2 + 5*o - 2. Is c(z) composite?
True
Let l = -5064 - -7317. Is l a 